n. Let j = 5 - p. What is the units digit of j?
5
Let b(s) = 7*s**3. Let j be b(1). Suppose 143 = 4*a + j. What is the units digit of a?
4
Suppose 0*t - 2*d = -5*t + 300, 4*d - 120 = -2*t. Let u be 4/(-6)*t/(-8). Suppose -u*v - 5 = 5*f + 15, 0 = 2*v - f - 7. What is the units digit of v?
1
Suppose 48 = 4*w - 4*s, 5*w + 3*s - 20 = w. What is the units digit of w?
8
Let b be (-2)/(7/(-5) - -1). Suppose 9*v - b*v - 76 = 0. What is the tens digit of v?
1
Let c(x) = 10*x**2 - 10*x**2 - 4*x**3 - 10 - 9*x. Let y(k) = 3*k**3 - k**2 + 9*k + 9. Let n(p) = -4*c(p) - 5*y(p). What is the tens digit of n(-6)?
1
Suppose -2*q = f - 3 - 2, f = 4*q - 7. Suppose 0*t - 2*i - 21 = -t, 5*t - 65 = q*i. What is the tens digit of t?
1
Suppose -7*j + 2*j = 0. Suppose c + 12 - 33 = j. What is the tens digit of c?
2
Let w(a) = -a**3 + 5*a**2 - 3*a + 6. Let k be 2/(-5)*80/(-8). What is the tens digit of w(k)?
1
Let t(w) = -7 + 6 - w + 4*w. What is the units digit of t(2)?
5
Let w = 136 + -21. What is the units digit of w?
5
Let d be 1 + (5 - 1) - 3. Suppose 2*o - o - 4*i = 9, 2*i + 6 = d*o. What is the units digit of o?
1
What is the units digit of (1608/36)/((-2)/(-3))?
7
Let y = 0 + 2. Let f = 10 + -9. Let q = f + y. What is the units digit of q?
3
Suppose 0 = 3*p + p - 8. Suppose -13 = -p*n - 3. What is the units digit of n?
5
Let f(n) be the third derivative of 13/120*n**6 + 1/30*n**5 - 3*n**2 + 0*n - 1/12*n**4 + 0 + 1/6*n**3. What is the units digit of f(1)?
4
Suppose -2*b + 4*b = 0. Suppose 0 = 5*i - b*i + 5*k, 4*k = -i - 12. Suppose -3*l + i*h - 40 = -8*l, -5*l - h + 40 = 0. What is the units digit of l?
8
Let k = -3 - -1. What is the units digit of 1/k*(-33 - -1)?
6
Let p = -55 - -116. What is the tens digit of p?
6
Let x(i) = -i**3 - 6*i**2 + 4*i - 17. What is the units digit of x(-7)?
4
Suppose -342 = -6*l - 3*l. What is the tens digit of l?
3
Let d be (40/15)/(2/(-6)). Let s(j) = j**3 + 8*j**2 - 2*j - 12. Let h be s(d). Suppose 3*q + r - 47 = -7, -h = -4*r. What is the tens digit of q?
1
Suppose -n = 3*h - 0 - 19, 4*h - 20 = 0. Suppose -5 = -n*b - b. What is the units digit of b?
1
Suppose 36 = 2*n + 3*m, 2*n - n = -5*m + 32. What is the tens digit of n?
1
Suppose 5*j + y = 2*j + 1, 0 = j - y + 5. Let v = j + 4. What is the units digit of v?
3
Suppose 0 = -3*c - 5*d + d + 5, 2*d + 2 = 0. What is the units digit of c?
3
Suppose 9*q - 8*q = 11. What is the tens digit of q?
1
Suppose -4*i - 25 = -4*s + 47, 5*i = s - 22. Suppose -6*v + 3*v - 3*m + 21 = 0, 0 = 5*v + 2*m - 35. Let q = s - v. What is the units digit of q?
0
Let j be (-34)/(-8) - 2/8. Let k = 35 - j. Suppose 4 = 5*c - k. What is the units digit of c?
7
Suppose 3*y = 5*y - 2*q + 6, -3*y + 11 = 2*q. What is the units digit of (y/(-3))/((-2)/54)?
9
Suppose 3*i - 54 = -i - 3*s, 46 = 4*i - s. What is the tens digit of i?
1
Let q(d) = d**3 + 6*d**2 + d + 8. Let s be -12*((-3)/2 - -2). What is the units digit of q(s)?
2
Let p = 101 - 71. What is the units digit of p?
0
Let s be 54 + 1/(-2)*-4. Suppose 4*l = -c - 0*l + s, -238 = -5*c + l. What is the units digit of c?
8
Let h(n) = n**2 - 2*n - 11. What is the tens digit of h(8)?
3
Suppose -2*q = 5*v - 3*q - 2025, 426 = v + 4*q. What is the tens digit of v?
0
Let i(n) = 6*n**2 + 4*n + 2. Let p be 0 - (4 + 1 + -3). What is the tens digit of i(p)?
1
Let m = 24 + -12. What is the tens digit of m?
1
Suppose -2*z + 9 = z. Suppose -3 - z = -2*a. Suppose -4*i = -a*i - 5. What is the units digit of i?
5
Suppose 4 = 4*n - 40. Suppose -n = -0*b - b. What is the tens digit of b?
1
Let r(y) = -y**3 - 2*y**2 + 3*y + 3. Let f(m) = m**2 + m + 12. Let o be f(0). Suppose 5*h = h - o. What is the units digit of r(h)?
3
Suppose 0 = 5*v - 3*v - 6. Suppose 2 = 4*p - v*k + 6, -3*k + 6 = -3*p. Suppose p*i = 2*w + 20, -5*i + w + 46 = -3*w. What is the units digit of i?
6
Let t = 314 + -179. What is the tens digit of t?
3
Suppose 2*s = -0*s + 6. Let g(u) = -6*u + u + u**2 + s*u - 7. What is the units digit of g(5)?
8
Let b(v) = v**3 + 12*v**2 + 10*v + 3. Let q be b(-11). What is the units digit of (-56)/(-12)*144/q?
8
What is the tens digit of 1 + -1 + 4/(4/103)?
0
Let r = 2 + 0. Let u be (-1)/(2*r/28). What is the units digit of ((-2)/(-7))/((-1)/u)?
2
Let l = 2 + 20. Suppose 0*g + 3*g = 3*q + 39, 0 = -2*g + q + l. What is the units digit of g?
9
Let c = -229 + 514. What is the hundreds digit of c?
2
Let k(n) = -5 + 6 + 6*n - 2*n**2 + 3. Let o be k(5). Let y = -8 - o. What is the units digit of y?
8
Suppose 0 = -0*v + 3*v - 9. Let p = v + 14. Let a = p + -7. What is the units digit of a?
0
What is the tens digit of 6/(-10) - 532/(-20)?
2
Let w(x) = x**3 + 6*x**2 - 4*x - 3. What is the tens digit of w(-6)?
2
Let x be 72 + (-1 - -3 - 4). Suppose 4*o - x = -o. What is the units digit of o?
4
Let a be (-20)/(-3)*(-30)/(-25). Suppose -5*c = a - 33. What is the units digit of c?
5
Suppose 2*y + 3 + 1 = 0. Let o(i) = -i + 1. Let w be o(y). Suppose -2*r + w = -11. What is the units digit of r?
7
Let b = -24 + 48. Suppose 2*d + 8 = 2*m + b, -m - 14 = -3*d. Suppose 29 = 2*w + 3*q, 0 = -5*w + 2*q + d*q + 35. What is the units digit of w?
0
Let i = 78 + 12. Suppose -i = 2*s - 7*s. What is the tens digit of s?
1
Suppose -177 = -5*r - j, -5*r + 5*j = -0*r - 165. What is the tens digit of r?
3
Suppose -5*o + 13 = 38. Let p = 8 + o. What is the units digit of p?
3
Let n(w) = 55*w + 1. Let l(g) = -55*g - 2. Let p(f) = 6*l(f) + 7*n(f). Let c(s) = -14*s + 1. Let z(v) = 9*c(v) + 2*p(v). What is the tens digit of z(-1)?
1
Suppose -2*f = 3*y - 56, -f = -y - 3*f + 24. What is the units digit of y?
6
Suppose -3*i + 5*i = -8. Let n = 2 - 0. What is the units digit of (-10 + 2)/(i/n)?
4
Suppose -5*b = 4*i - 6, 0*i - 5*b + 9 = i. What is the units digit of (-22 + 1/1)/i?
1
Let o(j) = -j**2 + 4 + 6*j - 2 - 5. Let s be o(5). Suppose 0 = -3*d - 2*z + 4*z + 14, -s*z = -2*d + 12. What is the units digit of d?
2
Let d = -51 - -173. Suppose a + 74 - 11 = 3*z, -4*a + d = 5*z. What is the units digit of z?
2
Let t(o) = 5 + 11*o + 2*o**2 + 0 + 9*o**2 - o**3 + o. What is the units digit of t(12)?
5
Suppose 5*t = 53 + 17. Let z be (-12)/t*(5 - 12). Suppose -2*p - 26 = -3*w, 2*w - p = -z*p + 30. What is the units digit of w?
0
Suppose -9 = -3*x + 3*b, x = 2*b - 3*b + 5. Suppose -124 = -x*l - 4*s, -6*s = 4*l - s - 123. What is the units digit of l?
2
Let b(o) = 10*o**2 + 2*o - 1. Let v be b(2). Let m = v + -26. What is the units digit of m?
7
Let q(m) be the first derivative of -m**5/40 - m**4/24 - 2*m**3/3 + 2. Let a(r) be the third derivative of q(r). What is the units digit of a(-3)?
8
Let t be (-3 - -3)/(3 + -1). Suppose 4 = 2*n - t. Suppose 0 = 3*d - 2*r - 47, -2*r + 38 = n*d - 0*r. What is the units digit of d?
7
Let w be (-2)/((-3)/(-3)) + 4. Let g be (1/w)/((-2)/(-96)). Suppose g = 5*j - j. What is the units digit of j?
6
Let a(o) = -o**3 - 7*o**2 + 9*o + 10. Let j be a(-8). Let q(p) = 2*p + 17. Let r be q(-7). Suppose -r*s + 11 = -j*s. What is the tens digit of s?
1
Let v = 1 + -2. Let t be (-3)/(-3)*(v - 1). What is the units digit of (-16)/t*(-1)/(-2)?
4
Suppose -4*a - z = -108, 135 + 0 = 5*a - 5*z. Let i = a + -9. Let l = -10 + i. What is the units digit of l?
8
Let i(n) = -3*n + 1. Suppose -13 = -a - 2*y, -5*a - 3*y + 21 = -4*y. Suppose -a*g - 25 = 5*l, -3*l - 8 = -4*g + 7. What is the tens digit of i(l)?
1
Let q(l) = -3 - 4*l + 0 + 17 - 6. What is the tens digit of q(-6)?
3
What is the tens digit of 60 + -4*(-1)/2?
6
Let f be 1/5 + (-48)/(-10). Suppose -65 = 8*a - 9*a. Suppose -3*y = 2*l + 2*l - 32, -f*l = -5*y + a. What is the tens digit of y?
1
Suppose -2*j + 7*j = -3*w + 6, -2*j + 5*w - 10 = 0. What is the tens digit of j + (2 + 1)*19?
5
Let q(n) = -4*n - 13. Let i(t) = -t**2 + 5*t + 8. Let s be i(7). What is the tens digit of q(s)?
1
Suppose 85 = -8*b + 13*b. What is the tens digit of b?
1
Let t = 2 + 48. What is the tens digit of t?
5
Let f(r) = -4*r - 2. Let l be f(-1). Let h be (1/2)/((-2)/(-48)). Suppose -5*p + h = -l*p. What is the units digit of p?
4
Let r(l) = l**3 - 2*l**2 + l + 1. Let g be r(2). Let v = g + -5. Let k = 3 + v. What is the units digit of k?
1
Suppose 0 = 3*t + 9 - 78. What is the units digit of t?
3
Let l(r) = -r**3 + r**2 - r - 1. Let c(h) = 5*h**3 - 3*h**2 + 5*h + 7. Let b(y) 